
False
Is 1352 a factor of 788678384?
True
Is 302 a factor of 423461682?
True
Is 135661740 a multiple of 94?
True
Is 190 a factor of 8270804?
False
Is 17 a factor of 37914216?
True
Is 122779736 a multiple of 8?
True
Is 147490475 a multiple of 25?
True
Does 941 divide 5215426?
False
Is 49112841 a multiple of 137?
False
Is 9926 a factor of 4040551427?
False
Does 533 divide 5575036?
False
Does 164 divide 45850050?
False
Is 4525090 a multiple of 197?
True
Is 43 a factor of 25793851?
True
Does 3 divide 600265356?
True
Is 107 a factor of 868206701?
False
Is 40776656 a multiple of 496?
True
Is 144054648 a multiple of 18?
True
Does 1360 divide 1069432279?
False
Is 59627583 a multiple of 59?
True
Does 37 divide 1137204?
False
Is 24885162 a multiple of 4?
False
Is 48 a factor of 23628000?
True
Is 207 a factor of 396495873?
True
Is 2665 a factor of 30310393?
False
Is 165742846 a multiple of 1242?
False
Does 12 divide 210208293?
False
Is 17304066 a multiple of 219?
True
Does 149 divide 28584607?
True
Is 16 a factor of 14487600?
True
Is 6 a factor of 742622130?
True
Is 746448342 a multiple of 174?
True
Is 8 a factor of 40302184?
True
Does 23 divide 1584314179?
False
Is 268 a factor of 202037409?
False
Is 39 a factor of 5775627?
True
Is 552358110 a multiple of 6?
True
Is 1665685216 a multiple of 26?
True
Is 18747840 a multiple of 30?
True
Is 268168511 a multiple of 191?
False
Does 71 divide 209619477?
True
Is 1911792825 a multiple of 9025?
True
Is 69 a factor of 105145926?
True
Does 32 divide 30939072?
True
Does 896 divide 1192817997?
False
Is 103200681 a multiple of 476?
False
Is 89504792 a multiple of 4?
True
Is 398097910 a multiple of 10?
True
Is 13 a factor of 193007661?
False
Is 184078538 a multiple of 2749?
True
Is 163035300 a multiple of 60?
True
Is 4 a factor of 2790048?
True
Is 122457270 a multiple of 13?
True
Is 387050558 a multiple of 5971?
False
Is 990434264 a multiple of 46?
False
Is 18 a factor of 3838138758?
True
Is 375 a factor of 48821250?
True
Does 201 divide 8912340?
True
Is 18 a factor of 91960884?
True
Is 81 a factor of 624661956?
True
Is 17 a factor of 213349286?
True
Is 4020 a factor of 9816840?
True
Is 135850168 a multiple of 43?
False
Is 16664823 a multiple of 191?
False
Is 222994168 a multiple of 68?
True
Does 1733 divide 1250267651?
True
Does 4052 divide 569265399?
False
Is 15 a factor of 31239444?
False
Does 16 divide 147030464?
True
Is 295 a factor of 23961869?
False
Does 24 divide 4314912?
True
Does 7 divide 25417718?
False
Is 912 a factor of 53678496?
True
Does 777 divide 25766097?
True
Does 146 divide 31603598?
True
Does 35 divide 24687334?
False
Is 1584 a factor of 3230990928?
True
Is 389760965 a multiple of 827?
True
Is 34049466 a multiple of 449?
True
Is 27614014 a multiple of 237?
False
Is 4097853 a multiple of 3?
True
Is 44 a factor of 11793240?
False
Does 373 divide 8361985?
False
Is 386854683 a multiple of 11?
False
Is 63 a factor of 27722520?
True
Is 102 a factor of 27624514?
False
Does 4268 divide 992613028?
True
Is 13562184 a multiple of 2?
True
Does 28 divide 1492585055?
False
Does 24 divide 155726985?
False
Is 993272492 a multiple of 5459?
False
Does 26 divide 450575762?
True
Is 18 a factor of 30082939?
False
Is 12 a factor of 513322943?
False
Is 168 a factor of 258522886?
False
Is 262 a factor of 105422250?
True
Is 35238931 a multiple of 26?
False
Does 10 divide 36805300?
True
Is 23103526 a multiple of 135?
False
Is 406758960 a multiple of 5842?
False
Is 1807 a factor of 28769247?
True
Is 27 a factor of 1278671581?
False
Is 1502491 a multiple of 6?
False
Does 986 divide 24325069?
False
Is 3343 a factor of 410926709?
False
Is 989 a factor of 229371256?
False
Is 61765506 a multiple of 45?
False
Is 116119432 a multiple of 164?
False
Is 937 a factor of 1606183783?
False
Is 19453052 a multiple of 113?
False
Is 2463 a factor of 173769695?
False
Does 282 divide 80862936?
True
Is 88456400 a multiple of 1103?
False
Is 2310 a factor of 158625390?
True
Does 660 divide 5881260?
True
Does 271 divide 28757739?
False
Is 52773095 a multiple of 109?
False
Does 427 divide 281417766?
True
Does 229 divide 17726924?
False
Is 35 a factor of 1715665209?
False
Is 23 a factor of 66462674?
False
Does 45 divide 29191866?
False
Is 997 a factor of 499159550?
False
Is 40552422 a multiple of 19?
True
Is 5828419 a multiple of 3?
False
Does 15 divide 19163916?
False
Is 1913469388 a multiple of 1009?
False
Does 8 divide 22854328?
True
Is 902 a factor of 3122724?
True
Is 91 a factor of 24200072?
False
Is 821 a factor of 15829701?
True
Does 235 divide 6403651?
False
Is 444 a factor of 662862252?
True
Is 1529 a factor of 212356694?
True
Does 17 divide 12764739?
True
Is 6029 a factor of 34045763?
True
Does 273 divide 7859586?
False
Is 54257425 a multiple of 25?
True
Does 3628 divide 337691622?
False
Is 71216408 a multiple of 71?
True
Does 77 divide 8936144?
False
Is 36 a factor of 11522686?
False
Does 413 divide 45969297?
False
Is 414 a factor of 1821228628?
False
Is 6 a factor of 10539684?
True
Is 1047 a factor of 522682901?
False
Is 721 a factor of 138679303?
True
Does 9 divide 3945700?
False
Does 9 divide 9595601?
False
Is 3 a factor of 45673458?
True
Does 2749 divide 206801772?
True
Does 12 divide 3236555122?
False
Is 96404984 a multiple of 67?
False
Is 94452491 a multiple of 488?
False
Does 1447 divide 369391630?
False
Is 61727737 a multiple of 691?
False
Is 2386 a factor of 38717622?
True
Is 50 a factor of 8017850?
True
Does 233 divide 1904650024?
False
Does 64 divide 59817984?
True
Does 298 divide 13735118?
True
Is 50 a factor of 728980150?
True
Is 15 a factor of 765219994?
False
Is 545525990 a multiple of 347?
False
Is 54768175 a multiple of 4025?
True
Does 61 divide 103020460?
True
Is 32244148 a multiple of 1581?
False
Is 109554979 a multiple of 5?
False
Is 676552932 a multiple of 253?
False
Does 1945 divide 2176459?
False
Is 472163594 a multiple of 4858?
True
Does 13196 divide 2177630312?
True
Is 32495967 a multiple of 21?
True
Is 546047784 a multiple of 92?
True
Does 28 divide 12673362?
False
Is 43085066 a multiple of 20?
False
Does 15 divide 3648131469?
False
Is 64229316 a multiple of 61?
False
Is 63335505 a multiple of 15?
True
Is 49 a factor of 6211240?
True
Is 4898303 a multiple of 522?
False
Is 1181 a factor of 996695052?
False
Is 1771071 a multiple of 14?
False
Is 34 a factor of 1861300488?
True
Is 13530425 a multiple of 41?
False
Does 6666 divide 416498346?
True
Is 37 a factor of 1242488092?
False
Is 3 a factor of 10798602?
True
Is 50 a factor of 16442491?
False
Is 192697275 a multiple of 38?
False
Does 208 divide 10564528?
True
Is 31 a factor of 72301393?
True
Is 18452542 a multiple of 73?
False
Is 24 a factor of 243790236?
False
Is 1693730322 a multiple of 31?
True
Is 3 a factor of 443230251?
True
Is 44135257 a multiple of 25?
False
Is 1101 a factor of 9612834?
False
Is 25 a factor of 92067231?
False
Does 2831 divide 1039738539?
True
Is 978515 a multiple of 107?
True
Is 439 a factor of 1304486744?
True
Is 76 a factor of 2332645808?
True
Is 273312867 a multiple of 3?
True
Is 96126591 a multiple of 1353?
True
Is 386 a factor of 23103644?
True
Is 21051130 a multiple of 158?
True
Does 10 divide 914118119?
False
Is 586 a factor of 44618406?
False
Is 1196 a factor of 126796332?
True
Does 11 divide 771254940?
False
Does 2121 divide 43554147?
False
Is 32962644 a multiple of 396?
True
Is 99240378 a multiple of 29?
True
Is 835882846 a multiple of 220?
False
Does 243 divide 23024589?
False
Is 23431872 a multiple of 12?
True
Does 143 divide 4170675558?
False
Does 28 divide 43100736?
True
Does 299 divide 20297615?
True
Is 99162273 a multiple of 1767?
True
Is 12715920 a multiple of 14?
True
Is 3935004295 a multiple of 1235?
False
Is 2269 a factor of 45872373?
True
Does 211 divide 14009797?
False
Does 26 divide 10766182?
False
Is 8 a factor of 33561960?
True
Is 181793058 a multiple of 1140?
False
Is 58040629 a multiple of 373?
False
Is 428 a factor of 290752833?
False
Is 41 a factor of 236288986?
True
Is 701529762 a multiple of 647?
False
Does 18 divide 30157290?
True
Is 1025 a factor of 72888775?
True
Is 30157798 a multiple of 9?
False
Does 22 divide 19820549?
False
Is 27005230 a multiple of 10?
True
Is 883 a factor of 122123488?
False
Is 